{"id":898,"date":"2021-02-16T18:31:24","date_gmt":"2021-02-16T17:31:24","guid":{"rendered":"https:\/\/www.sastardieu.com\/index.php\/produit\/foie-gras-frais-400-a-500g-piece\/"},"modified":"2026-02-20T08:26:50","modified_gmt":"2026-02-20T07:26:50","slug":"foie-gras-frais-400-a-500g-piece","status":"publish","type":"product","link":"https:\/\/www.sastardieu.com\/index.php\/produit\/foie-gras-frais-400-a-500g-piece\/","title":{"rendered":"Foie gras frais 350 \u00e0 500g pi\u00e8ce-43 \u20ac\/kg-"},"content":{"rendered":"<p>Producteur : GAEC de Berengou<\/p>\n","protected":false},"excerpt":{"rendered":"<p><strong>Prix moyen de la pi\u00e8ce,<\/strong><br \/>\n<strong>Votre tarif sera recalcul\u00e9 avant la livraison en fonction du poids r\u00e9el de votre produit.<\/strong><\/p>\n<p style=\"text-align: left;\"><strong>Prix factur\u00e9 \u00e0 :\u00a0 43 \u20ac\/ kg<\/strong><\/p>\n<p>Foie gras de canard entier en poche sous vide, de 350 \u00e0 500 g pi\u00e8ce<\/p>\n<h2><\/h2>\n<p>&nbsp;<\/p>\n","protected":false},"featured_media":817,"template":"","meta":{"ocean_post_layout":"","ocean_both_sidebars_style":"","ocean_both_sidebars_content_width":0,"ocean_both_sidebars_sidebars_width":0,"ocean_sidebar":"0","ocean_second_sidebar":"0","ocean_disable_margins":"enable","ocean_add_body_class":"","ocean_shortcode_before_top_bar":"","ocean_shortcode_after_top_bar":"","ocean_shortcode_before_header":"","ocean_shortcode_after_header":"","ocean_has_shortcode":"","ocean_shortcode_after_title":"","ocean_shortcode_before_footer_widgets":"","ocean_shortcode_after_footer_widgets":"","ocean_shortcode_before_footer_bottom":"","ocean_shortcode_after_footer_bottom":"","ocean_display_top_bar":"default","ocean_display_header":"default","ocean_header_style":"","ocean_center_header_left_menu":"0","ocean_custom_header_template":"0","ocean_custom_logo":0,"ocean_custom_retina_logo":0,"ocean_custom_logo_max_width":0,"ocean_custom_logo_tablet_max_width":0,"ocean_custom_logo_mobile_max_width":0,"ocean_custom_logo_max_height":0,"ocean_custom_logo_tablet_max_height":0,"ocean_custom_logo_mobile_max_height":0,"ocean_header_custom_menu":"0","ocean_menu_typo_font_family":"0","ocean_menu_typo_font_subset":"","ocean_menu_typo_font_size":0,"ocean_menu_typo_font_size_tablet":0,"ocean_menu_typo_font_size_mobile":0,"ocean_menu_typo_font_size_unit":"px","ocean_menu_typo_font_weight":"","ocean_menu_typo_font_weight_tablet":"","ocean_menu_typo_font_weight_mobile":"","ocean_menu_typo_transform":"","ocean_menu_typo_transform_tablet":"","ocean_menu_typo_transform_mobile":"","ocean_menu_typo_line_height":0,"ocean_menu_typo_line_height_tablet":0,"ocean_menu_typo_line_height_mobile":0,"ocean_menu_typo_line_height_unit":"","ocean_menu_typo_spacing":0,"ocean_menu_typo_spacing_tablet":0,"ocean_menu_typo_spacing_mobile":0,"ocean_menu_typo_spacing_unit":"","ocean_menu_link_color":"","ocean_menu_link_color_hover":"","ocean_menu_link_color_active":"","ocean_menu_link_background":"","ocean_menu_link_hover_background":"","ocean_menu_link_active_background":"","ocean_menu_social_links_bg":"","ocean_menu_social_hover_links_bg":"","ocean_menu_social_links_color":"","ocean_menu_social_hover_links_color":"","ocean_disable_title":"default","ocean_disable_heading":"default","ocean_post_title":"","ocean_post_subheading":"","ocean_post_title_style":"","ocean_post_title_background_color":"","ocean_post_title_background":0,"ocean_post_title_bg_image_position":"","ocean_post_title_bg_image_attachment":"","ocean_post_title_bg_image_repeat":"","ocean_post_title_bg_image_size":"","ocean_post_title_height":0,"ocean_post_title_bg_overlay":0.5,"ocean_post_title_bg_overlay_color":"","ocean_disable_breadcrumbs":"default","ocean_breadcrumbs_color":"","ocean_breadcrumbs_separator_color":"","ocean_breadcrumbs_links_color":"","ocean_breadcrumbs_links_hover_color":"","ocean_display_footer_widgets":"default","ocean_display_footer_bottom":"default","ocean_custom_footer_template":"0"},"product_brand":[],"product_cat":[15,23],"product_tag":[],"class_list":{"0":"post-898","1":"product","2":"type-product","3":"status-publish","4":"has-post-thumbnail","6":"product_cat-non-classe","7":"product_cat-foie-gras","9":"entry","10":"has-media","12":"first","13":"instock","14":"shipping-taxable","15":"purchasable","16":"product-type-simple","17":"has-product-nav","18":"col","19":"span_1_of_3","20":"owp-content-center","21":"item-entry","22":"owp-thumbs-layout-horizontal","23":"owp-btn-normal","24":"owp-tabs-layout-horizontal","25":"has-no-thumbnails"},"yoast_head":"<!-- This site is optimized with the Yoast SEO plugin v26.5 - https:\/\/yoast.com\/wordpress\/plugins\/seo\/ -->\n<title>Foie gras frais 350 \u00e0 500g pi\u00e8ce-43 \u20ac\/kg- SAS Tardieu<\/title>\n<meta name=\"robots\" content=\"index, follow, max-snippet:-1, max-image-preview:large, max-video-preview:-1\" \/>\n<link rel=\"canonical\" href=\"https:\/\/www.sastardieu.com\/index.php\/produit\/foie-gras-frais-400-a-500g-piece\/\" \/>\n<meta property=\"og:locale\" content=\"fr_FR\" \/>\n<meta property=\"og:type\" content=\"article\" \/>\n<meta property=\"og:title\" content=\"Foie gras frais 350 \u00e0 500g pi\u00e8ce-43 \u20ac\/kg- SAS Tardieu\" \/>\n<meta property=\"og:description\" content=\"Prix moyen de la pi\u00e8ce, Votre tarif sera recalcul\u00e9 avant la livraison en fonction du poids r\u00e9el de votre produit. Prix factur\u00e9 \u00e0 :\u00a0 43 \u20ac\/ kg Foie gras de canard entier en poche sous vide, de 350 \u00e0 500 g pi\u00e8ce  &nbsp;\" \/>\n<meta property=\"og:url\" content=\"https:\/\/www.sastardieu.com\/index.php\/produit\/foie-gras-frais-400-a-500g-piece\/\" \/>\n<meta property=\"og:site_name\" content=\"SAS Tardieu\" \/>\n<meta property=\"article:modified_time\" content=\"2026-02-20T07:26:50+00:00\" \/>\n<meta property=\"og:image\" content=\"https:\/\/www.sastardieu.com\/wp-content\/uploads\/2021\/02\/21FoieGras_sasTardieu.jpg\" \/>\n\t<meta property=\"og:image:width\" content=\"1219\" \/>\n\t<meta property=\"og:image:height\" content=\"1219\" \/>\n\t<meta property=\"og:image:type\" content=\"image\/jpeg\" \/>\n<meta name=\"twitter:card\" content=\"summary_large_image\" \/>\n<meta name=\"twitter:label1\" content=\"Dur\u00e9e de lecture estim\u00e9e\" \/>\n\t<meta name=\"twitter:data1\" content=\"1 minute\" \/>\n<script type=\"application\/ld+json\" class=\"yoast-schema-graph\">{\"@context\":\"https:\/\/schema.org\",\"@graph\":[{\"@type\":\"WebPage\",\"@id\":\"https:\/\/www.sastardieu.com\/index.php\/produit\/foie-gras-frais-400-a-500g-piece\/\",\"url\":\"https:\/\/www.sastardieu.com\/index.php\/produit\/foie-gras-frais-400-a-500g-piece\/\",\"name\":\"Foie gras frais 350 \u00e0 500g pi\u00e8ce-43 \u20ac\/kg- SAS Tardieu\",\"isPartOf\":{\"@id\":\"https:\/\/www.sastardieu.com\/#website\"},\"primaryImageOfPage\":{\"@id\":\"https:\/\/www.sastardieu.com\/index.php\/produit\/foie-gras-frais-400-a-500g-piece\/#primaryimage\"},\"image\":{\"@id\":\"https:\/\/www.sastardieu.com\/index.php\/produit\/foie-gras-frais-400-a-500g-piece\/#primaryimage\"},\"thumbnailUrl\":\"https:\/\/www.sastardieu.com\/wp-content\/uploads\/2021\/02\/21FoieGras_sasTardieu.jpg\",\"datePublished\":\"2021-02-16T17:31:24+00:00\",\"dateModified\":\"2026-02-20T07:26:50+00:00\",\"breadcrumb\":{\"@id\":\"https:\/\/www.sastardieu.com\/index.php\/produit\/foie-gras-frais-400-a-500g-piece\/#breadcrumb\"},\"inLanguage\":\"fr-FR\",\"potentialAction\":[{\"@type\":\"ReadAction\",\"target\":[\"https:\/\/www.sastardieu.com\/index.php\/produit\/foie-gras-frais-400-a-500g-piece\/\"]}]},{\"@type\":\"ImageObject\",\"inLanguage\":\"fr-FR\",\"@id\":\"https:\/\/www.sastardieu.com\/index.php\/produit\/foie-gras-frais-400-a-500g-piece\/#primaryimage\",\"url\":\"https:\/\/www.sastardieu.com\/wp-content\/uploads\/2021\/02\/21FoieGras_sasTardieu.jpg\",\"contentUrl\":\"https:\/\/www.sastardieu.com\/wp-content\/uploads\/2021\/02\/21FoieGras_sasTardieu.jpg\",\"width\":1219,\"height\":1219},{\"@type\":\"BreadcrumbList\",\"@id\":\"https:\/\/www.sastardieu.com\/index.php\/produit\/foie-gras-frais-400-a-500g-piece\/#breadcrumb\",\"itemListElement\":[{\"@type\":\"ListItem\",\"position\":1,\"name\":\"Accueil\",\"item\":\"https:\/\/www.sastardieu.com\/\"},{\"@type\":\"ListItem\",\"position\":2,\"name\":\"Boutique\",\"item\":\"https:\/\/www.sastardieu.com\/index.php\/boutique\/\"},{\"@type\":\"ListItem\",\"position\":3,\"name\":\"Foie gras frais 350 \u00e0 500g pi\u00e8ce-43 \u20ac\/kg-\"}]},{\"@type\":\"WebSite\",\"@id\":\"https:\/\/www.sastardieu.com\/#website\",\"url\":\"https:\/\/www.sastardieu.com\/\",\"name\":\"SAS Tardieu\",\"description\":\"Volailles fermi\u00e8res\",\"publisher\":{\"@id\":\"https:\/\/www.sastardieu.com\/#organization\"},\"potentialAction\":[{\"@type\":\"SearchAction\",\"target\":{\"@type\":\"EntryPoint\",\"urlTemplate\":\"https:\/\/www.sastardieu.com\/?s={search_term_string}\"},\"query-input\":{\"@type\":\"PropertyValueSpecification\",\"valueRequired\":true,\"valueName\":\"search_term_string\"}}],\"inLanguage\":\"fr-FR\"},{\"@type\":\"Organization\",\"@id\":\"https:\/\/www.sastardieu.com\/#organization\",\"name\":\"SAS Tardieu\",\"url\":\"https:\/\/www.sastardieu.com\/\",\"logo\":{\"@type\":\"ImageObject\",\"inLanguage\":\"fr-FR\",\"@id\":\"https:\/\/www.sastardieu.com\/#\/schema\/logo\/image\/\",\"url\":\"https:\/\/www.sastardieu.com\/wp-content\/uploads\/2020\/11\/cropped-logo-sas-tardieu-3.png\",\"contentUrl\":\"https:\/\/www.sastardieu.com\/wp-content\/uploads\/2020\/11\/cropped-logo-sas-tardieu-3.png\",\"width\":734,\"height\":374,\"caption\":\"SAS Tardieu\"},\"image\":{\"@id\":\"https:\/\/www.sastardieu.com\/#\/schema\/logo\/image\/\"}}]}<\/script>\n<!-- \/ Yoast SEO plugin. -->","yoast_head_json":{"title":"Foie gras frais 350 \u00e0 500g pi\u00e8ce-43 \u20ac\/kg- SAS Tardieu","robots":{"index":"index","follow":"follow","max-snippet":"max-snippet:-1","max-image-preview":"max-image-preview:large","max-video-preview":"max-video-preview:-1"},"canonical":"https:\/\/www.sastardieu.com\/index.php\/produit\/foie-gras-frais-400-a-500g-piece\/","og_locale":"fr_FR","og_type":"article","og_title":"Foie gras frais 350 \u00e0 500g pi\u00e8ce-43 \u20ac\/kg- SAS Tardieu","og_description":"Prix moyen de la pi\u00e8ce, Votre tarif sera recalcul\u00e9 avant la livraison en fonction du poids r\u00e9el de votre produit. Prix factur\u00e9 \u00e0 :\u00a0 43 \u20ac\/ kg Foie gras de canard entier en poche sous vide, de 350 \u00e0 500 g pi\u00e8ce  &nbsp;","og_url":"https:\/\/www.sastardieu.com\/index.php\/produit\/foie-gras-frais-400-a-500g-piece\/","og_site_name":"SAS Tardieu","article_modified_time":"2026-02-20T07:26:50+00:00","og_image":[{"width":1219,"height":1219,"url":"https:\/\/www.sastardieu.com\/wp-content\/uploads\/2021\/02\/21FoieGras_sasTardieu.jpg","type":"image\/jpeg"}],"twitter_card":"summary_large_image","twitter_misc":{"Dur\u00e9e de lecture estim\u00e9e":"1 minute"},"schema":{"@context":"https:\/\/schema.org","@graph":[{"@type":"WebPage","@id":"https:\/\/www.sastardieu.com\/index.php\/produit\/foie-gras-frais-400-a-500g-piece\/","url":"https:\/\/www.sastardieu.com\/index.php\/produit\/foie-gras-frais-400-a-500g-piece\/","name":"Foie gras frais 350 \u00e0 500g pi\u00e8ce-43 \u20ac\/kg- SAS Tardieu","isPartOf":{"@id":"https:\/\/www.sastardieu.com\/#website"},"primaryImageOfPage":{"@id":"https:\/\/www.sastardieu.com\/index.php\/produit\/foie-gras-frais-400-a-500g-piece\/#primaryimage"},"image":{"@id":"https:\/\/www.sastardieu.com\/index.php\/produit\/foie-gras-frais-400-a-500g-piece\/#primaryimage"},"thumbnailUrl":"https:\/\/www.sastardieu.com\/wp-content\/uploads\/2021\/02\/21FoieGras_sasTardieu.jpg","datePublished":"2021-02-16T17:31:24+00:00","dateModified":"2026-02-20T07:26:50+00:00","breadcrumb":{"@id":"https:\/\/www.sastardieu.com\/index.php\/produit\/foie-gras-frais-400-a-500g-piece\/#breadcrumb"},"inLanguage":"fr-FR","potentialAction":[{"@type":"ReadAction","target":["https:\/\/www.sastardieu.com\/index.php\/produit\/foie-gras-frais-400-a-500g-piece\/"]}]},{"@type":"ImageObject","inLanguage":"fr-FR","@id":"https:\/\/www.sastardieu.com\/index.php\/produit\/foie-gras-frais-400-a-500g-piece\/#primaryimage","url":"https:\/\/www.sastardieu.com\/wp-content\/uploads\/2021\/02\/21FoieGras_sasTardieu.jpg","contentUrl":"https:\/\/www.sastardieu.com\/wp-content\/uploads\/2021\/02\/21FoieGras_sasTardieu.jpg","width":1219,"height":1219},{"@type":"BreadcrumbList","@id":"https:\/\/www.sastardieu.com\/index.php\/produit\/foie-gras-frais-400-a-500g-piece\/#breadcrumb","itemListElement":[{"@type":"ListItem","position":1,"name":"Accueil","item":"https:\/\/www.sastardieu.com\/"},{"@type":"ListItem","position":2,"name":"Boutique","item":"https:\/\/www.sastardieu.com\/index.php\/boutique\/"},{"@type":"ListItem","position":3,"name":"Foie gras frais 350 \u00e0 500g pi\u00e8ce-43 \u20ac\/kg-"}]},{"@type":"WebSite","@id":"https:\/\/www.sastardieu.com\/#website","url":"https:\/\/www.sastardieu.com\/","name":"SAS Tardieu","description":"Volailles fermi\u00e8res","publisher":{"@id":"https:\/\/www.sastardieu.com\/#organization"},"potentialAction":[{"@type":"SearchAction","target":{"@type":"EntryPoint","urlTemplate":"https:\/\/www.sastardieu.com\/?s={search_term_string}"},"query-input":{"@type":"PropertyValueSpecification","valueRequired":true,"valueName":"search_term_string"}}],"inLanguage":"fr-FR"},{"@type":"Organization","@id":"https:\/\/www.sastardieu.com\/#organization","name":"SAS Tardieu","url":"https:\/\/www.sastardieu.com\/","logo":{"@type":"ImageObject","inLanguage":"fr-FR","@id":"https:\/\/www.sastardieu.com\/#\/schema\/logo\/image\/","url":"https:\/\/www.sastardieu.com\/wp-content\/uploads\/2020\/11\/cropped-logo-sas-tardieu-3.png","contentUrl":"https:\/\/www.sastardieu.com\/wp-content\/uploads\/2020\/11\/cropped-logo-sas-tardieu-3.png","width":734,"height":374,"caption":"SAS Tardieu"},"image":{"@id":"https:\/\/www.sastardieu.com\/#\/schema\/logo\/image\/"}}]}},"_links":{"self":[{"href":"https:\/\/www.sastardieu.com\/index.php\/wp-json\/wp\/v2\/product\/898","targetHints":{"allow":["GET"]}}],"collection":[{"href":"https:\/\/www.sastardieu.com\/index.php\/wp-json\/wp\/v2\/product"}],"about":[{"href":"https:\/\/www.sastardieu.com\/index.php\/wp-json\/wp\/v2\/types\/product"}],"wp:featuredmedia":[{"embeddable":true,"href":"https:\/\/www.sastardieu.com\/index.php\/wp-json\/wp\/v2\/media\/817"}],"wp:attachment":[{"href":"https:\/\/www.sastardieu.com\/index.php\/wp-json\/wp\/v2\/media?parent=898"}],"wp:term":[{"taxonomy":"product_brand","embeddable":true,"href":"https:\/\/www.sastardieu.com\/index.php\/wp-json\/wp\/v2\/product_brand?post=898"},{"taxonomy":"product_cat","embeddable":true,"href":"https:\/\/www.sastardieu.com\/index.php\/wp-json\/wp\/v2\/product_cat?post=898"},{"taxonomy":"product_tag","embeddable":true,"href":"https:\/\/www.sastardieu.com\/index.php\/wp-json\/wp\/v2\/product_tag?post=898"}],"curies":[{"name":"wp","href":"https:\/\/api.w.org\/{rel}","templated":true}]}}